actors of d(j)?
2, 3
Let j be -4*12/(-16) - 6. List the prime factors of j - -1 - (-33 + 0).
31
Let l = 32 - 23. Suppose 4*s = z - 3*z + 28, s = -z + l. Suppose 2*j = z*j - 30. What are the prime factors of j?
3, 5
Let a be 2 + 2/3*21. Suppose -78 = -3*u + 5*n, u + 3*n - 42 = -a. List the prime factors of u.
2, 13
List the prime factors of (-6)/(-4)*(-700)/(-42).
5
List the prime factors of 39 + (0/2 - -1).
2, 5
Let y(j) = -j**3 + 2*j**2 + j + 3. Let h be y(-3). Suppose 5*x - h = -c - 0*c, c = -5. List the prime factors of x.
2, 5
Let r(o) = -2*o - 1. Let x be r(-2). Let y = 2 + x. What are the prime factors of y?
5
Let h = -28 - -16. Let m = 22 + h. What are the prime factors of m?
2, 5
Let d be 4/8*3*2. Suppose -2*b - 3*m = d*b - 45, -3*b - 2*m = -28. List the prime factors of b.
2, 3
Let d be (-640)/(-25) + (-4)/(-10). List the prime factors of (3 + d/8)*4.
5
Suppose -5*i + 299 + 56 = 0. List the prime factors of i.
71
Let o(v) = 6*v - 12. Let l be o(8). Let j(p) = p**2 - p + 1. Let i be j(5). Let q = l - i. List the prime factors of q.
3, 5
Let m(q) = -3 + 7 - 3 + 17*q. List the prime factors of m(2).
5, 7
Let x be (8/(-10))/(4/(-10)). Let m = x + -1. What are the prime factors of m/(2 + 42/(-22))?
11
Let f(s) = -7*s - 5. Let l be f(-3). Let k = -11 + l. What are the prime factors of k?
5
Let p(k) = -k**3 + 9*k**2 + 1 - 6*k - 1 + 1. List the prime factors of p(8).
17
Suppose 5*b = 95 + 30. Suppose 0 = 3*j - b - 98. What are the prime factors of j?
41
Let l(v) = v + 14. Let j be l(-10). Let p(k) = 4*k + 5. What are the prime factors of p(j)?
3, 7
Let c be 36/21 - 6/(-21). Suppose 0 = 2*l + 5*m - 18, -3*l + 77 = -7*m + c*m. List the prime factors of l.
19
Suppose 0 = -5*n + 5, 0 = 4*u - 3*u + 4*n. Let v(q) = q + 2*q - 5*q - 1. What are the prime factors of v(u)?
7
Suppose -260 = 5*p - 10*p. Let s = p + -21. List the prime factors of s.
31
Suppose 2*u - 3*u = -5*o + 87, -2*u = -5*o + 89. What are the prime factors of o?
17
Suppose 7 = 2*w - j, 0*w - 5*w - 3*j = -12. Let g(i) = 2*i**2 - 4. List the prime factors of g(w).
2, 7
Suppose -5*k + 5*i = -160, -2*i = -3*k + 2*i + 93. List the prime factors of k.
5, 7
Let m(q) be the third derivative of -q**6/120 + q**5/12 + q**4/4 - q**3 - 5*q**2. What are the prime factors of m(5)?
2, 3
What are the prime factors of (-490)/15*6/(-4)?
7
Let q(s) = 14*s - 10. What are the prime factors of q(5)?
2, 3, 5
Suppose 0 = -d + 2 + 29. What are the prime factors of d?
31
Let m(a) = -5*a - 2. Let h = 2 - 5. What are the prime factors of m(h)?
13
Let k(n) = 7*n**2 + 9*n - 3. Let g(i) = -3*i**2 - 4*i + 2. Let m(j) = -5*g(j) - 2*k(j). Suppose 0 = 3*c + 3*q + 9, -3*q + 6 = 0. List the prime factors of m(c).
11
Suppose 5*a = 2*j + 63, a - 5*j = -8*j - 1. What are the prime factors of a?
11
Let g(d) be the second derivative of -2*d**3/3 + 3*d**2 - 4*d. What are the prime factors of g(-3)?
2, 3
Let s(r) = 8*r + 10. What are the prime factors of s(5)?
2, 5
Let u = 21 + -13. Let v(d) = 2*d - 9. What are the prime factors of v(u)?
7
Suppose 9*v = 4*v + 50. Suppose 0 = 7*q - v*q + 33. What are the prime factors of q?
11
Let j = -50 - -65. What are the prime factors of j?
3, 5
Let c(f) = f**2 - 10*f + 8. Let x be c(9). Let q be -3 - x*(-3)/3. Let l(i) = i**2 + 2*i - 5. What are the prime factors of l(q)?
3
Let a be -91*(-3 + 2) - -1. Suppose 5*p - 8 = a. List the prime factors of p.
2, 5
Suppose 0*p + 36 = -3*p + 3*t, p + 5*t - 18 = 0. Let u(k) = -3*k + 16. List the prime factors of u(p).
37
Suppose 2*b = -3*b + 5*o - 25, 0 = -5*b - o + 5. Suppose z - 15 = -b*z. What are the prime factors of z?
3, 5
Let t(c) = 3*c + 1. Let r be t(-1). What are the prime factors of (51 - 1)*(-1)/r?
5
Suppose -3 - 5 = -4*l. Suppose l*w - q - 50 = -3*w, 40 = 4*w - q. Let a = w + -5. What are the prime factors of a?
5
Let b(c) be the second derivative of -c - 1/3*c**3 + 0 - 1/2*c**2. What are the prime factors of b(-3)?
5
Suppose 6*m - 80 = 430. What are the prime factors of m?
5, 17
Suppose -5*n = -38 + 118. Let i = -9 - n. What are the prime factors of i?
7
What are the prime factors of (-16)/24 + (-28)/(-6)?
2
Let n = -15 - -77. List the prime factors of n.
2, 31
Suppose -s + 3*o + 2*o = -22, s + 18 = -5*o. Suppose -5*p + 105 = -s*p. List the prime factors of p.
5, 7
Let m(s) = -s**2 + 28. Let f be m(0). Let w = -50 + 32. Let k = f + w. What are the prime factors of k?
2, 5
Let a be 0/6*(0 + 1). Suppose -3*p + a*p = 3*v + 1905, -5*p + 2585 = -4*v. List the prime factors of (-4)/(-18) + v/(-36).
2, 3
Suppose 2*y = -3*y. Let m be (y + -8)/(-1*2). Suppose 4*u - 28 = m. List the prime factors of u.
2
Suppose 3*h - 3*l - 183 = 0, 3*h - 304 + 105 = -5*l. What are the prime factors of h?
3, 7
Let l(w) = 4*w + 1. Suppose 5*i + 4*a + 5 = -0, 0 = -5*i + 4*a + 35. List the prime factors of l(i).
13
Let o(w) = 1 + 2 + 2*w - w - 4. List the prime factors of o(3).
2
Let t(f) = -2*f - 8. Let r be t(-6). Let j = r - -1. Suppose -4*l + 2*g + 28 = 0, -4*l = -0*g + j*g. List the prime factors of l.
5
Let z be (-448)/44 - 2/(-11). Let l = z - -7. Let w = 6 + l. What are the prime factors of w?
3
Let f = -4 - -7. Suppose 0 = -h - f*j + 1, h = j + 3*j + 1. What are the prime factors of 3*h*2/2?
3
Let v be (-1 + (-6)/(-15))*-5. Suppose y = 3*z - 27, -31 = -z - v*z + 3*y. What are the prime factors of z?
2, 5
Suppose z - t - 74 = 0, 4*z + 0*t - 290 = 2*t. List the prime factors of z.
71
Let n = -130 - -67. Let h = n - -95. What are the prime factors of h?
2
Let j(m) = m**2. Let g = 2 - 0. Let b be j(g). Suppose 4*n = 20, 0*i = 3*i + b*n - 35. List the prime factors of i.
5
Suppose 2*l = 4*c + 6, 14 = 3*l - c - 0*c. What are the prime factors of ((-42)/(-5))/(1/l)?
2, 3, 7
Let a = 478 + -337. List the prime factors of a.
3, 47
Let o(l) = l**3 + 5*l**2 + 4*l + 3. Suppose 7 = -3*f - 4*u, -3*f + 3*u = -15 - 6. Let t = f + -6. List the prime factors of o(t).
3
Suppose -5*g + 888 = -3*t, -4*t = 2*g - g - 196. What are the prime factors of g?
2, 3, 5
Let b(p) be the second derivative of -p**3/3 - 3*p**2 - 8*p. List the prime factors of b(-18).
2, 3, 5
Suppose 0 = -w + 5*m - 18, 4*w + 4 = 3*m - 0. Suppose 0 = q + w, -3*q + 73 = 3*t + 16. What are the prime factors of t?
3, 7
Let m(p) = -p**3 + 12*p**2 - 10*p - 8. Let y(i) = -i**3 + 5*i**2 + 2*i + 1. Let n be y(5). List the prime factors of m(n).
3
Let p(a) = a**3 - 8*a**2 - 8*a - 4. Let g be p(9). Suppose 0 = -g*k + 3*k + 8. List the prime factors of k.
2
Suppose -2*a - 40 = 2*a. Let w = a + 18. What are the prime factors of w?
2
Let t = 0 + 4. Let n(a) be the second derivative of a**3/2 - a**2/2 - a. List the prime factors of n(t).
11
Let g(h) = 2*h**2 - h - 2. Let r = 4 - 6. Let t be g(r). Let p = -4 + t. List the prime factors of p.
2
Let a(c) = -c**3 + 12*c**2. Let g be a(12). Suppose g = -3*v - 0*v. Suppose -8 = -r + 2*s, v = 3*r + 3*s + 5 - 74. List the prime factors of r.
2, 3
Suppose 23 - 1 = -3*v - 4*k, -4*v + 5*k - 19 = 0. Let w be v/(-21) + 68/7. Suppose w + 18 = 4*p. List the prime factors of p.
7
Let u(y) = y**2 + y - 2. Let i be u(-4). Let w be 22/(-5) - 2/(-5). Let p = w + i. List the prime factors of p.
2, 3
Let j = 10 + -7. Suppose 41 = -j*l - 13. What are the prime factors of (24/(-9))/(4/l)?
2, 3
Suppose 0*d + w = d, 2*w + 8 = 0. What are the prime factors of (-1475)/(-45) + d/(-18)?
3, 11
Let c be 8/(-10)*20/(-8). Let k = -10 + 10. Suppose k*m + c*m - 12 = 0. What are the prime factors of m?
2, 3
Suppose -20 = -d - 3*d. Suppose 0 = -4*r - r + d. What are the prime factors of (-2)/(-2*r/12)?
2, 3
Let r be (4/(-8))/((-1)/8). Suppose -6*w + 10 = -w, 2*w = -h + r. Suppose 2*f - f - 7 = h. List the prime factors of f.
7
Let o(a) = -2*a**3 + 2*a + 1. Let p be o(-1). What are the prime factors of (1 + 1)*p + 6?
2
Let m(i) = i**3 - 15*i**2 + 16*i - 6. Suppose -q + 7 = -7. List the prime factors of m(q).
2, 11
Suppose -k + 4*q + 152 = 6*q, -2*k - 3*q + 304 = 0. List the prime factors of k.
2, 19
Suppose -t - 7 = 2*c - 19, -c - 24 = -t. Let f = t - 11. List the prime factors of f/12 + (-58)/(-8).
2
Let j = -5 - -7. Suppose -j = -2*f + 2. Suppose -3*t + 30 = 3*k, t - k - 2*k = -f. What are the prime factors of t?
7
Let x = -10 + 14. Let c = 6 - x. List the prime factors of (6 - 6) + 7*c.
2, 7
Let o be 7/((-28